) to base 7
24033
Convert 100000010 (base 2) to base 16.
102
Convert -12de (base 15) to base 14.
-1682
Convert -1b9b (base 12) to base 15.
-103b
What is 100011000011 (base 2) in base 11?
175a
Convert 398 (base 11) to base 15.
215
Convert 133 (base 8) to base 16.
5b
What is 4ac (base 14) in base 7?
2505
Convert 635 (base 8) to base 5.
3123
Convert -1101244 (base 5) to base 10.
-18949
Convert -202 (base 11) to base 6.
-1044
What is -13315 (base 9) in base 14?
-33d3
What is -3332 (base 5) in base 6?
-2055
Convert 2315 (base 6) to base 7.
1415
What is -350 (base 15) in base 14?
-3b8
What is -453302 (base 6) in base 4?
-21113012
Convert -483 (base 9) to base 15.
-1b9
Convert -10112000 (base 3) to base 8.
-5005
232323 (base 4) to base 9
4106
Convert 36245 (base 7) to base 9.
13785
Convert -2684 (base 11) to base 4.
-312120
-103210 (base 5) to base 4
-313203
24513 (base 7) to base 9
8733
Convert 95 (base 14) to base 16.
83
What is -151 (base 14) in base 13?
-177
What is 59bb (base 14) in base 12?
9081
What is -7966 (base 10) in base 2?
-1111100011110
18208 (base 9) to base 16
3113
Convert -221554 (base 6) to base 16.
-488e
What is 1532 (base 7) in base 6?
2455
Convert -1247 (base 10) to base 5.
-14442
Convert -4341 (base 7) to base 14.
-7c8
Convert 4121 (base 5) to base 14.
2a4
What is -75f (base 16) in base 10?
-1887
What is -2b27 (base 16) in base 12?
-6487
-4531 (base 10) to base 11
-344a
5d (base 15) to base 13
6a
Convert 20c65 (base 14) to base 7.
450055
Convert -101112 (base 3) to base 9.
-345
-10552 (base 7) to base 11
-201a
Convert 1110201 (base 3) to base 4.
100300
8d90 (base 14) to base 16
6032
Convert -120 (base 13) to base 14.
-dd
What is -1000011001 (base 2) in base 6?
-2253
3010 (base 9) to base 5
32241
What is -1332 (base 5) in base 12?
-161
What is -2f27 (base 16) in base 11?
-9084
206 (base 7) to base 6
252
-20262 (base 8) to base 10
-8370
What is 17a (base 16) in base 7?
1050
Convert -15721 (base 8) to base 4.
-1233101
What is -38b (base 13) in base 14?
-326
Convert -bca (base 16) to base 13.
-14b2
Convert 1714 (base 8) to base 7.
2556
What is 201212 (base 5) in base 3?
22211020
7386 (base 13) to base 6
202020
What is -295b (base 14) in base 9?
-11047
-216 (base 13) to base 3
-111020
What is 778 (base 10) in base 9?
1054
-13702 (base 9) to base 13
-4319
2130 (base 8) to base 6
5052
What is 79 (base 11) in base 3?
10012
-2122000 (base 3) to base 16
-77d
-60d (base 16) to base 9
-2111
1001000001 (base 2) to base 8
1101
What is -100010001001 (base 2) in base 5?
-32220
Convert -358 (base 10) to base 5.
-2413
Convert -34b (base 15) to base 9.
-1018
Convert 3dc1 (base 15) to base 12.
77a7
Convert -2541 (base 7) to base 16.
-3c0
-cb3 (base 14) to base 3
-10102221
What is 824 (base 13) in base 7?
4013
214 (base 9) to base 6
451
What is 1314204 (base 5) in base 15?
7b54
-101010101100 (base 2) to base 14
-dd2
-2512 (base 7) to base 2
-1110101100
What is 1f35 (base 16) in base 7?
32202
What is b8 (base 16) in base 8?
270
What is -894 (base 15) in base 16?
-793
Convert -20442 (base 6) to base 9.
-3708
What is -57591 (base 10) in base 8?
-160367
-111010010 (base 2) to base 7
-1234
-21896 (base 10) to base 8
-52610
What is -1092 (base 10) in base 15?
-4cc
Convert 1020102011 (base 3) to base 7.
131005
Convert 203420 (base 5) to base 15.
1ee0
What is -2626 (base 10) in base 9?
-3537
Convert -15424 (base 6) to base 8.
-4750
1165 (base 9) to base 10
869
-87b (base 15) to base 13
-b45
111012 (base 3) to base 13
215
What is 477 (base 14) in base 4?
31321
Convert -1101111111010100 (base 2) to base 3.
-2220121020
What is -28911 (base 10) in base 3?
-1110122210
-13120001 (base 4) to base 3
-1112102212
What is -16340 (base 10) in base 7?
-65432
-183d (base 16) to base 8
-14075
-1001022 (base 5) to base 4
-3312102
Convert 2007 (base 12) to base 16.
d87
What is b56 (base 16) in base 9?
3874
Convert 10002010211 (base 3) to base 7.
341464
What is 209 (base 10) in base 12?
155
204011 (base 5) to base 9
10236
What is -2003131 (base 4) in base 3?
-102112121
301 (base 6) to base 13
85
Convert 132c (base 16) to base 11.
3762
Convert -10000111001100 (base 2) to base 4.
-2013030
Convert 1935 (base 16) to base 7.
24546
213210 (base 4) to base 10
2532
Convert -16524 (base 11) to base 8.
-55332
What is 100011101011110 (base 2) in base 15?
5630
Convert 1010 (base 8) to base 15.
24a
What is 110000000 (base 2) in base 3?
112020
Convert 3250 (base 10) to base 11.
2495
-222111 (base 6) to base 9
-27477
What is -230144 (base 5) in base 7?
-32555
-a29 (base 12) to base 14
-773
10811 (base 9) to base 7
30022
309e (base 16) to base 15
3a4b
41240 (base 5) to base 10
2695
-246 (base 11) to base 4
-10210
Convert -9456 (base 13) to base 5.
-1124040
-1124a (base 12) to base 7
-123334
Convert 126 (base 16) to base 3.
101220
What is -3115 (base 15) in base 6?
-120002
-343 (base 10) to base 2
-101010111
-22022 (base 3) to base 5
-1344
-325214 (base 6) to base 9
-41131
Convert 567 (base 12) to base 6.
3411
What is -507 (base 13) in base 16?
-354
-675 (base 13) to base 16
-456
Convert -13632 (base 8) to base 2.
-1011110011010
Convert -15321 (base 6) to base 2.
-100111000001
1205 (base 9) to base 8
1600
What is 758 (base 13) in base 4?
103220
Convert 415404 (base 6) to base 5.
2034003
Convert a60 (base 11) to base 13.
772
Convert -3213 (base 6) to base 7.
-2061
-20a5a (base 11) to base 14
-b1c9
-1111102 (base 3) to base 4
-101003
What is -100010000101 (base 2) in base 16?
-885
-32016 (base 9) to base 3
-1002000120
What is 4354 (base 7) in base 10?
1558
Convert -137 (base 15) to base 8.
-425
What is 11011011110 (base 2) in base 12?
1026
Convert -607 (base 9) to base 4.
-13231
Convert 3a76 (base 11) to base 12.
3086
Convert -101100000110 (base 2) to base 13.
-1391
Convert -351 (base 10) to base 8.
-537
What is 20523 (base 6) in base 5?
42122
-101111111 (base 2) to base 13
-236
-103422 (base 5) to base 7
-13350
Convert -254 (base 13) to base 2.
-110010111
-6736 (base 9) to base 5
-124344
Convert -1056 (base 8) to base 6.
-2330
What is 10021110 (base 3) in base 16?
954
5d53 (base 15) to base 8
46646
What is -b692 (base 13) in base 16?
-62d4
Convert -4331 (base 7) to base 3.
-2010002
Convert -10409 (base 11) to base 4.
-3230132
3e2 (base 15) to base 4
31313
What is -1121210 (base 3) in base 14?
-606
2202210 (base 5) to base 2
1001001110101101
9139 (base 14) to base 6
311251
What is 90b (base 12) in base 10?
1307
Convert -400342 (base 5) to base 11.
-9512
-10110111101101 (base 2) to base 4
-2313231
Convert -12421 (base 5) to base 8.
-1732
Convert -54a (base 11) to base 8.
-1223
1124 (base 6) to base 13
178
-6727 (base 11) to base 10
-8862
Convert -16b97 (base 15) to base 11.
-50241
Convert -4b (base 12) to base 5.
-214
Convert -1391 (base 14) to base 3.
-11202010
12826 (base 10) to base 16
321a
Convert 762 (base 8) to base 6.
2150
-1c5b (base 13) to base 7
-15353
What is 11012220 (base 3) in base 8?
6003
Convert -1136 (base 11) to base 9.
-2036
What is -210 (base 9) in base 15?
-b6
What is 1675 (base 8) in base 4?
32331
What is -3517 (base 13) in base 12?
-4394
What is -1323 (base 7) in base 15?
-23c
Convert -175 (base 10) to base 16.
-af
Convert -a0a (base 12) to base 11.
-10a9
What is -3082 (base 14) in base 13?
-3a50
Convert -2022 (base 5) to base 11.
-219
Convert -417 (base 8) to base 11.
-227
Convert -758 (base 14) to base 8.
-2652
Convert 10101101000101 (base 2) to base 14.
4073
-3445 (base 9) to base 14
-d04
766 (base 9) to base 11
520
Convert 3111 (base 5) to base 6.
1514
What is -9 (base 16) in base 6?
-13
What is 654 (base 7) in base 13?
1c8
-1363 (base 8) to base 13
-461
Convert -686 (base 12) to base 11.
-7a9
What is -818 (base 9) in base 14?
-357
What is -7 (base 14) in base 7?
-10
Convert -127 (base 15) to base 11.
-219
What is -607 (base 13) in base 10?
-1021
What is 67 (base 16) in base 10?
103
221112201 (base 3) to base 14
6b02
What is -102540 (base 7) in base 11?
-12391
What is -125a3 (base 12) in base 14?
-91a3
Convert -3393 (base 10) to base 2.
-110101000001
-1025 (base 10) to base 15
-485
What is 10026 (base 8) in base 15?
1348
Convert -11140 (base 9) to base 5.
-214112
Convert 7359 (base 15) to base 4.
11331000
What is 124366 (base 7) in base 5?
1220201
56e1 (base 16) 